{"id":133,"date":"2019-07-30T17:09:03","date_gmt":"2019-07-30T15:09:03","guid":{"rendered":"https:\/\/x-acon.de\/xacon-wp\/?page_id=133"},"modified":"2019-08-14T16:49:22","modified_gmt":"2019-08-14T14:49:22","slug":"wir-ueber-uns","status":"publish","type":"page","link":"https:\/\/x-acon.de\/xacon-wp\/home\/wir-ueber-uns\/","title":{"rendered":"Wir \u00fcber uns"},"content":{"rendered":"\n<p>Wir, die X-ACON FairConstruction GmbH sind Dienstleister im Bereich Messe- und Veranstaltungswesen.<\/p>\n\n\n\n<p>Gesch\u00e4ftsf\u00fchrer in unserem Unternehmen sind Jens Kalrait und Bodo D. Mann.<br>Unterst\u00fctzt werden die Gesch\u00e4ftsf\u00fchrer von einem Team aus 11 Kolleginnen und Kollegen. Ferner besteht unser Team aus einer Reihe von Partnern die bei der Durchf\u00fchrung mitarbeiten. Seit 2015 haben wir in Port Elizabeth, S\u00fcdafrika unser eigenes Customer Loyality Center, in dem unsere Kunden weltweit akquiriert werden und sie bei ihren Messeauftritten unterst\u00fctzen.<\/p>\n\n\n\n<h4 id=\"wp-block-themeisle-blocks-advanced-heading-7870a6a1\" class=\"wp-block-themeisle-blocks-advanced-heading wp-block-themeisle-blocks-advanced-heading-7870a6a1\" style=\"color:#0366d6;font-style:normal;text-transform:none\">Unsere Schwerpunkte sind:<\/h4>\n\n\n\n<ul class=\"wp-block-list\"><li>Messebau (Kundenstandbau, Fachpressest\u00e4nde, Themenpavillons etc.)  <\/li><li>Organisation &amp; Planung von Themenpavillons, Sonderschauen und Fachpressest\u00e4nden. <\/li><li>Akquisition <\/li><li>Consulting <\/li><\/ul>\n\n\n\n<h4 id=\"wp-block-themeisle-blocks-advanced-heading-3aad393b\" class=\"wp-block-themeisle-blocks-advanced-heading wp-block-themeisle-blocks-advanced-heading-3aad393b\" style=\"color:#0366d6;font-style:normal;text-transform:none\">Unternehmensleitfaden<\/h4>\n\n\n\n<p>Durch st\u00e4ndige Innovation bleiben wir Vertragspartner von Bestandskunden, werden attraktiver f\u00fcr neue Kunden und setzten uns von anderen Messebauern ab. Sicherheit, Qualit\u00e4t, Partnerschaft und Zuverl\u00e4ssigkeit pr\u00e4gen unsere Produkte und Dienstleistungen. Wir bekennen uns zu einem fairen Umgang mit Lieferanten, Kunden und Mitarbeitern. Wir sehen uns als Unternehmen fest in der Region Bayern verankert, wollen aber Chancen nutzten, die sich dem Unternehmen durch internationalen Handel bietet.<\/p>\n\n\n\n<h4 id=\"wp-block-themeisle-blocks-advanced-heading-1e3027d6\" class=\"wp-block-themeisle-blocks-advanced-heading wp-block-themeisle-blocks-advanced-heading-1e3027d6\" style=\"color:#0366d6;font-style:normal;text-transform:none\">Historie<\/h4>\n\n\n\n<p>Im Jahr 2001 wurde die X-ACON GmbH (Messe-Service, Messebau und Consulting) am Firmenhauptsitz in N\u00fcrnberg gegr\u00fcndet.<br>Anfangs als reines Beratungsunternehmen (Bereich Messen) gegr\u00fcndet, wurde im Jahr 2005 das Firmenprofil der X-ACON GmbH erweitert. Mit einem neuen, selbstentwickelten und patentierten Standbau wurde der Bereich Messebau eingegliedert. <\/p>\n\n\n\n<p> Kurz darauf begannen wir mit der erfolgreichen Veranstaltung von Sonderschauen und Themenpavillons im Rahmen von Fachmessen. Seit dieser Zeit bieten wir unseren Kunden unser erfolgreiches &#8222;Alles-aus-einer-Hand-Konzept&#8220; an. Von der Planung, \u00fcber die Akquisition von Kunden bis zum kompletten Standbau und der Betreuung der Teilnehmer im Vorfeld und w\u00e4hrend der Veranstaltung. <\/p>\n\n\n\n<p>Seit Beginn sind wir Partner\nder N\u00fcrnbergMesse und sind exklusiv f\u00fcr die Abwicklung der Fachpressest\u00e4nde auf\nMesse eigenen Veranstaltungen zust\u00e4ndig. Diese Partnerschaft beinhaltet das\nkomplette Paket, von der Annahme, Kontrolle und Einlagerung der angelieferten\nZeitschriften \u00fcber die Auslagerung zum Stand, den Auf- und Abbau des\nFachpressestandes (der speziell f\u00fcr die Anforderungen eines Fachpressestandes\nkonzipiert wurde) bis zur Betreuung der Besucher am Stand.<\/p>\n\n\n\n<p>Dar\u00fcber hinaus bieten wir seit\n2013 Systemstandbau mit Aluprofilen an, unser CUBE-System. F\u00fcr die\nindividuellere Gestaltung des Standbaus haben wir ein eigenes Standbau-System\nentwickelt, welches aus beleuchteten Alu-Acryl Rahmen besteht, das GLOW-System.\nBei nur 8cm Tiefe kann eine Acrylplatte von hinten mit LEDs illuminiert werden.\nZudem kann die Acrylplatte mit individuellen Folien beklebt werden.<\/p>\n\n\n\n<p>Trotz der Ausrichtung auf Messebau und Messeberatung, haben wir auch immer wieder ungew\u00f6hnliche Aufgaben f\u00fcr Kunden \u00fcbernommen. Sei es die Anmietung eines Privatjets oder die Organisation und Planung von Busreisen, bei der wir tausende Besucher zu Fachmessen gebracht haben.<\/p>\n\n\n\n<p>Kreativit\u00e4t, Flexibilit\u00e4t und sorgf\u00e4ltigste Durchf\u00fchrung unter Ber\u00fccksichtigung der Budgetvorlagen sind unser Firmenmotto.<\/p>\n\n\n\n<p>Seit 2018 haben wir nun einen\ndritten modularen und hochwertigen Standbau Typ eingef\u00fchrt: Unser X-Series\nStandbau System. Mit individuell nach Kundenwusch bedruckten Stoffen, werden\nAlurahmen bespannt, Standbauh\u00f6hen bis 5,0m, Rundungen und B\u00f6gen sind problemlos\nm\u00f6glich.<\/p>\n","protected":false},"excerpt":{"rendered":"<div class=\"entry-summary\">\nWir, die X-ACON FairConstruction GmbH sind Dienstleister im Bereich Messe- und Veranstaltungswesen. Gesch\u00e4ftsf\u00fchrer in unserem Unternehmen sind Jens Kalrait und Bodo D. Mann.Unterst\u00fctzt werden die Gesch\u00e4ftsf\u00fchrer von einem Team aus 11 Kolleginnen und Kollegen. Ferner besteht unser Team aus einer&hellip;\n<\/div>\n<div class=\"link-more\"><a href=\"https:\/\/x-acon.de\/xacon-wp\/home\/wir-ueber-uns\/\" class=\"more-link\"><span class=\"screen-reader-text\"> &ldquo;Wir \u00fcber uns&rdquo;<\/span> weiterlesen\u00a0&hellip;<\/a><\/div>\n","protected":false},"author":1,"featured_media":0,"parent":210,"menu_order":0,"comment_status":"closed","ping_status":"closed","template":"","meta":{"inline_featured_image":false,"ngg_post_thumbnail":0,"_themeisle_gutenberg_block_has_review":false,"footnotes":""},"class_list":["post-133","page","type-page","status-publish","hentry","entry"],"_links":{"self":[{"href":"https:\/\/x-acon.de\/xacon-wp\/wp-json\/wp\/v2\/pages\/133","targetHints":{"allow":["GET"]}}],"collection":[{"href":"https:\/\/x-acon.de\/xacon-wp\/wp-json\/wp\/v2\/pages"}],"about":[{"href":"https:\/\/x-acon.de\/xacon-wp\/wp-json\/wp\/v2\/types\/page"}],"author":[{"embeddable":true,"href":"https:\/\/x-acon.de\/xacon-wp\/wp-json\/wp\/v2\/users\/1"}],"replies":[{"embeddable":true,"href":"https:\/\/x-acon.de\/xacon-wp\/wp-json\/wp\/v2\/comments?post=133"}],"version-history":[{"count":21,"href":"https:\/\/x-acon.de\/xacon-wp\/wp-json\/wp\/v2\/pages\/133\/revisions"}],"predecessor-version":[{"id":669,"href":"https:\/\/x-acon.de\/xacon-wp\/wp-json\/wp\/v2\/pages\/133\/revisions\/669"}],"up":[{"embeddable":true,"href":"https:\/\/x-acon.de\/xacon-wp\/wp-json\/wp\/v2\/pages\/210"}],"wp:attachment":[{"href":"https:\/\/x-acon.de\/xacon-wp\/wp-json\/wp\/v2\/media?parent=133"}],"curies":[{"name":"wp","href":"https:\/\/api.w.org\/{rel}","templated":true}]}}