{"id":16,"date":"2019-07-15T12:32:51","date_gmt":"2019-07-15T10:32:51","guid":{"rendered":"https:\/\/x-acon.de\/xacon-wp\/?page_id=16"},"modified":"2019-09-08T20:36:47","modified_gmt":"2019-09-08T18:36:47","slug":"projekte","status":"publish","type":"page","link":"https:\/\/x-acon.de\/xacon-wp\/projekte\/","title":{"rendered":"Projekte"},"content":{"rendered":"<div class=\"alignwide-wrap\" data-block=\"themeisle-blocks-advanced-columns\">\n<div class=\"wp-block-themeisle-blocks-advanced-columns alignwide has-3-columns has-desktop-equal-layout has-tablet-equal-layout has-mobile-collapsedRows-layout has-narrow-gap has-vertical-unset\" id=\"wp-block-themeisle-blocks-advanced-columns-87a44049\" style=\"border-width:0px;border-style:solid;border-color:#000000;border-radius:0px;justify-content:unset\"><div class=\"wp-themeisle-block-overlay\" style=\"opacity:0.5;mix-blend-mode:normal\"><\/div><div class=\"innerblocks-wrap\">\n<div class=\"wp-block-themeisle-blocks-advanced-column\" id=\"wp-block-themeisle-blocks-advanced-column-2acf0f1e\" style=\"background-image:url( 'https:\/\/x-acon.de\/xacon-wp\/wp-content\/uploads\/2019\/08\/PowTech-FPS-5.jpg' );background-attachment:scroll;background-position:top center;background-repeat:no-repeat;background-size:contain;border-width:0px;border-style:solid;border-color:#000000;border-radius:0px\">\n<h2 id=\"wp-block-themeisle-blocks-advanced-heading-78a8831a\" class=\"wp-block-themeisle-blocks-advanced-heading wp-block-themeisle-blocks-advanced-heading-78a8831a\" style=\"color:#0055a6;font-style:normal;text-transform:none;text-shadow:0px 0px 20px rgba(255, 255, 255, 0.5)\"><a href=\"https:\/\/x-acon.de\/xacon-wp\/projekte\/fachpressestand\/\">Fachpresse<br>\nStand<\/a><\/h2>\n\n\n\n<hr class=\"wp-block-separator\"\/>\n\n\n\n<p style=\"text-align:center\">\n\nWir haben ein Konzept entwickelt, das die Messebesucher l\u00e4nger auf dem Fachpressestand verweilen l\u00e4sst und somit die Titel der Verlage bestm\u00f6glich wahrgenommen werden.\n\n<\/p>\n\n\n\n<p style=\"text-align:center\"><a href=\"https:\/\/x-acon.de\/xacon-wp\/projekte\/fachpressestand\/\">Lesen Sie hier mehr<\/a><\/p>\n<\/div>\n\n\n\n<div class=\"wp-block-themeisle-blocks-advanced-column\" id=\"wp-block-themeisle-blocks-advanced-column-bc1cc31e\" style=\"background-image:url( 'https:\/\/x-acon.de\/xacon-wp\/wp-content\/uploads\/2019\/08\/CraftDrinksArea_Thumb_sw-4.jpg' );background-attachment:scroll;background-position:top center;background-repeat:no-repeat;background-size:contain;border-width:0px;border-style:solid;border-color:#000000;border-radius:0px\">\n<h2 id=\"wp-block-themeisle-blocks-advanced-heading-81710a09\" class=\"wp-block-themeisle-blocks-advanced-heading wp-block-themeisle-blocks-advanced-heading-81710a09\" style=\"color:#0055a6;font-style:normal;text-transform:none;text-shadow:0px 0px 20px rgba(255, 255, 255, 0.5)\"><a href=\"https:\/\/x-acon.de\/xacon-wp\/projekte\/themenpavillons-sonderschauen\/\"><strong>Themenpavillons \/ Sonderschauen<\/strong><\/a><\/h2>\n\n\n\n<hr class=\"wp-block-separator\"\/>\n\n\n\n<p style=\"text-align:center\">\n\nSeit 2001 f\u00fchren wir f\u00fcr verschieden Teams und Veranstaltungen der N\u00fcrnbergMesse Themenpavillons und Sonderschauen durch und beweisen so immer wieder Kreativit\u00e4t in verschiedenen Fachbereichen.\n\n<\/p>\n\n\n\n<p style=\"text-align:center\"><a href=\"https:\/\/x-acon.de\/xacon-wp\/projekte\/themenpavillons-sonderschauen\/\">Lesen Sie hier mehr<\/a><\/p>\n<\/div>\n\n\n\n<div class=\"wp-block-themeisle-blocks-advanced-column\" id=\"wp-block-themeisle-blocks-advanced-column-200d8082\" style=\"background-image:url( 'https:\/\/x-acon.de\/xacon-wp\/wp-content\/uploads\/2019\/08\/DSA_Thumb_SW-3.jpg' );background-attachment:scroll;background-position:top center;background-repeat:no-repeat;background-size:contain;border-width:0px;border-style:solid;border-color:#000000;border-radius:0px\">\n<h2 id=\"wp-block-themeisle-blocks-advanced-heading-d42b138d\" class=\"wp-block-themeisle-blocks-advanced-heading wp-block-themeisle-blocks-advanced-heading-d42b138d\" style=\"color:#0055a6;font-style:normal;text-transform:none;text-shadow:0px 0px 20px rgba(255, 255, 255, 0.5)\"><a href=\"https:\/\/x-acon.de\/xacon-wp\/projekte\/diamond-spirits-award\/\">Diamond Spirits Award<\/a><\/h2>\n\n\n\n<hr class=\"wp-block-separator\"\/>\n\n\n\n<p style=\"text-align:center\">Zusammen mit unseren Partnern werden wir einen neuen Standard in der Verkostung und Bewertung von Spirituosen setzen. Mit einer Jury aus internationalen Judges und unter Anwendung modernster Technologien, bewerten wir Ihre Edel-Spirituose nicht nur sachlich, sondern messen auch die Emotionen.<\/p>\n\n\n\n<p style=\"text-align:center\"><a href=\"https:\/\/x-acon.de\/xacon-wp\/projekte\/diamond-spirits-award\/\">Lesen Sie hier mehr<\/a><\/p>\n<\/div>\n<\/div><\/div>\n<\/div>","protected":false},"excerpt":{"rendered":"<div class=\"link-more\"><a href=\"https:\/\/x-acon.de\/xacon-wp\/projekte\/\" class=\"more-link\"><span class=\"screen-reader-text\"> &ldquo;Projekte&rdquo;<\/span> weiterlesen\u00a0&hellip;<\/a><\/div>\n","protected":false},"author":1,"featured_media":0,"parent":0,"menu_order":0,"comment_status":"closed","ping_status":"closed","template":"","meta":{"inline_featured_image":false,"ngg_post_thumbnail":0,"_themeisle_gutenberg_block_has_review":false,"footnotes":""},"class_list":["post-16","page","type-page","status-publish","hentry","entry"],"_links":{"self":[{"href":"https:\/\/x-acon.de\/xacon-wp\/wp-json\/wp\/v2\/pages\/16","targetHints":{"allow":["GET"]}}],"collection":[{"href":"https:\/\/x-acon.de\/xacon-wp\/wp-json\/wp\/v2\/pages"}],"about":[{"href":"https:\/\/x-acon.de\/xacon-wp\/wp-json\/wp\/v2\/types\/page"}],"author":[{"embeddable":true,"href":"https:\/\/x-acon.de\/xacon-wp\/wp-json\/wp\/v2\/users\/1"}],"replies":[{"embeddable":true,"href":"https:\/\/x-acon.de\/xacon-wp\/wp-json\/wp\/v2\/comments?post=16"}],"version-history":[{"count":29,"href":"https:\/\/x-acon.de\/xacon-wp\/wp-json\/wp\/v2\/pages\/16\/revisions"}],"predecessor-version":[{"id":736,"href":"https:\/\/x-acon.de\/xacon-wp\/wp-json\/wp\/v2\/pages\/16\/revisions\/736"}],"wp:attachment":[{"href":"https:\/\/x-acon.de\/xacon-wp\/wp-json\/wp\/v2\/media?parent=16"}],"curies":[{"name":"wp","href":"https:\/\/api.w.org\/{rel}","templated":true}]}}